(-4)/x + 36/15?
2
Suppose -6*g + 3*f = -g - 428, -336 = -4*g - 4*f. Let m = -56 + g. Suppose 5*u - m = -4. What is the units digit of u?
5
Let x = 29 - 59. What is the tens digit of (3 - x) + (-3 - -1)?
3
Suppose n + 0*n = 0. Let o be 0/(-2 - (-3 + n)). Suppose d - 5 = o, 23 = 3*s + d - 6*d. What is the units digit of s?
6
Let a(t) = -t + 8. Let r be a(8). Suppose 2*l + h = 38 + 14, 2*h - 8 = r. What is the units digit of l?
4
Let u(p) = p**2 + 8*p. Let t(k) = k**2 + 7*k + 1. Let h(z) = 5*t(z) - 4*u(z). What is the units digit of h(-4)?
9
Suppose 2*m + 0*m - 28 = 0. Suppose -4*f + m = -2*f. Suppose f*j - 4*j - 21 = 0. What is the units digit of j?
7
Let z(j) be the third derivative of 4*j**2 + 0*j**3 + 11/30*j**5 + 0 + 0*j - 1/24*j**4. What is the units digit of z(1)?
1
Let o(a) be the third derivative of a**5/60 - a**4/12 - 7*a**3/6 + 10*a**2. What is the units digit of o(-6)?
1
What is the units digit of (4 + 0 + 3)*1?
7
What is the units digit of 58/((12/(-3))/(-4))?
8
Suppose -4*f - f + 30 = 0. Let k = 16 - f. What is the tens digit of k?
1
What is the units digit of 225/12 + (-1)/(-4)?
9
Let n(c) = c**3 - c**2 + 2*c - 14. What is the tens digit of n(4)?
4
Let x(z) = 11*z**2 + z + 5. What is the hundreds digit of x(3)?
1
Suppose 5*q - 17 = 8. Suppose -2*b = q*k - 79, 4*b - 7*b = -6. Suppose -k = -5*f - 0. What is the units digit of f?
3
Let t = -17 + -10. Let u = -17 - t. What is the units digit of u?
0
Suppose 0 = u - 5*w - 8, u + 0 = 4*w + 12. Let r = 8 - 4. Suppose r*v + u = 84. What is the units digit of v?
4
Let b = 49 - -67. What is the units digit of b?
6
Suppose 0*k = 4*k - 32. What is the tens digit of -2*k*-1 + -1?
1
Let t(z) = -10*z - 3. What is the units digit of t(-1)?
7
Let l(d) = -d**3 - d**2 + 5*d + 3. Let a(x) = x**2 + 1. Let k be a(1). Let s be (-1)/((-7)/(-3) - k). What is the units digit of l(s)?
6
Suppose -5 = -f - 0*f. Suppose 4*p - f + 1 = 0. What is the units digit of p?
1
Let k(w) = -11*w**2 - 21*w + 30. Let p(q) = 4*q**2 + 7*q - 10. Let f(v) = -3*k(v) - 8*p(v). Let g be f(-8). What is the units digit of g/3 - (-8)/3?
2
Let w be (0 - 1)*0/5. Suppose w*s + s + 16 = -4*o, -2*s + 2*o + 8 = 0. Suppose s + 12 = 2*c. What is the units digit of c?
6
Let f(m) = -4*m - 3. What is the units digit of f(-9)?
3
Let y = -58 + 119. Let f = -36 + y. What is the tens digit of f?
2
Let z be 0/(2/2) + 0. Let a(h) = -h + 11. What is the units digit of a(z)?
1
Let s = 27 - 12. Suppose s = 5*r - 15. What is the units digit of r?
6
Let x be 2/(-5) - (-16)/(-10). Let w be (-2)/x - (-4 - -6). Let y = 3 - w. What is the units digit of y?
4
Suppose -4*b + 12 - 32 = 0, v - 5*b - 24 = 0. What is the units digit of (10 - 13)/(0 + v)?
3
What is the units digit of 364/6*(-9)/(-30)*5?
1
Let b = -118 + 180. What is the tens digit of b?
6
What is the units digit of 16*(125/10)/5?
0
Let v(h) be the third derivative of -h**4/24 - 2*h**3/3 + h**2. Let x be (10/6)/((-4)/12). What is the units digit of v(x)?
1
Let s(n) = 8*n**2 + n. What is the units digit of s(2)?
4
Let m = 135 - 26. What is the units digit of m?
9
Let o(l) = l**2 + 3*l + 1. Let f(u) = -u**2 - u - 1. Let w(j) = -f(j) + o(j). What is the units digit of w(-3)?
8
Let x be (-10 + 16)/(4/(-6)). What is the units digit of (-130)/(-18) + 2/x?
7
Let s be ((-36)/16)/(2/16). Let n = s + 26. What is the units digit of n?
8
Let g(n) = n**2 + 3*n + 2. Let i be g(-2). Let c(w) = w + 3. Let y be c(0). Let z = y + i. What is the units digit of z?
3
Let k = 31 - 70. Let a = k + 62. What is the units digit of a?
3
Let i(a) = -6*a - a + 4 + 3*a. What is the tens digit of i(-6)?
2
Suppose 2*a = -7*a + 27. Let i be 0 + -1 - (1 - 4). Suppose -a = -z + i. What is the units digit of z?
5
Let a(s) = -2*s**2 - 6*s. Let g(t) be the second derivative of t**4/12 + t**3/6 + t. Let j(w) = a(w) + 3*g(w). What is the units digit of j(5)?
0
Suppose -4*m - 32 = -3*p, 5*p = -4*m - 0*m. Let k = m + 6. What is the units digit of k?
1
Let i(g) = -g + 28. What is the tens digit of i(-7)?
3
Let p(w) = -w + 5. Suppose 4*l - 41 = -3*h, 2*h + 4 = -l + 13. Let x be p(l). What is the tens digit of (5*1)/(x/(-12))?
1
Suppose -4*f = -4*y + f + 154, -4*y + 158 = -3*f. What is the tens digit of y?
4
Let o = 0 + -35. Let x = -16 - o. What is the tens digit of x?
1
Let z(w) = -2*w - w**2 - 6 + 2*w**2 + 0*w**2. What is the units digit of z(5)?
9
Let q(n) = -n + 5. Let o be q(3). Let s(b) = 5*b**2 + b. Let k be s(-1). Suppose o = k*f - 14. What is the units digit of f?
4
Suppose 3*x - 89 = 121. What is the tens digit of x?
7
Suppose 5*p - 2 = 3. Let o be -1 + p - (1 - 0). What is the tens digit of (-12 + 1 - -1)*o?
1
Let j be (-146)/10 - (-3)/5. What is the units digit of (-4)/j + (-1425)/(-35)?
1
Let q(y) = y**2 - 7*y + 2. Let i be q(6). Let m(l) = 2*l - 1. Let b be m(i). Let r = -5 - b. What is the units digit of r?
4
Suppose -2*y + 38 = -2*x, 4*y - 3*y = -5. Let a be 1 - 1/(2/(-72)). Let w = a + x. What is the tens digit of w?
1
Suppose 618 = -24*y + 26*y. What is the tens digit of y?
0
Let p(y) = -2*y**3 - 2*y**2 + 3*y + 2. Let z be p(-2). Suppose a - 22 = -3*i, 0 = -i - 0*i + z*a + 16. What is the units digit of i?
8
Suppose s + 1 = -0, 2*b = -s + 1. Let d = 1 - b. Suppose d*v = 4*v - 44. What is the units digit of v?
1
Let v be (-1 + 5)*(-45)/12. Let d = 24 + v. What is the units digit of d?
9
What is the tens digit of (-1 + (-2 - (-3 - -1)))*-76?
7
Let z(w) = -w**2 - 5*w + 2. Let j be z(-4). Let q = j + 1. What is the units digit of q?
7
Let b(w) = w**3 - 10*w**2 + 10*w - 4. Let o be b(9). Let q(a) = -a + 7. Let g be q(o). What is the units digit of (-36)/g*2/(-4)?
9
What is the tens digit of ((-1)/4)/(3/(-132))?
1
Let m(w) be the second derivative of 0 + 1/2*w**2 + 2*w - 1/2*w**3. What is the units digit of m(-1)?
4
Let c = -43 + 121. What is the tens digit of c?
7
Let n = 31 - -325. What is the hundreds digit of n?
3
Suppose 2*o + 0 - 2 = 0. Let j be ((-6)/(-1))/o - 0. Let z = 14 - j. What is the units digit of z?
8
Let m = 31 - 2. What is the tens digit of m?
2
Let d(y) = 13*y. Let q = 5 - 3. Let v be -1*(1 + q - 4). What is the tens digit of d(v)?
1
Suppose -4*n = -5*l + 310, -4*l + 247 = -2*n + 5. What is the units digit of l?
8
What is the units digit of (86/5)/(8/20)?
3
Let n = -16 + 30. What is the units digit of n?
4
Suppose 4*l = 3*i + 7*l - 15, -5*i - 2*l + 16 = 0. Suppose i*k = k + 4. What is the units digit of 1/k - 33/(-12)?
3
Let x = -52 + 118. What is the tens digit of x?
6
Suppose 0 = 4*r + 3*z - 323, -2*z + 0 = -2. What is the units digit of r?
0
Suppose -b - 3*r = -r - 2, 0 = -3*b + 4*r + 16. Suppose q = -3*s + b*q + 72, 0 = 4*s + q - 76. What is the tens digit of s?
2
Let f(w) = w**2 + 3*w - 2. Let r be f(-4). Suppose 5*s - r*x - 11 = 5, 3*s = -x + 14. Suppose 2*t + 0*t - c = 17, 31 = s*t - c. What is the units digit of t?
7
Let g(v) = 2*v**3 + 3*v**2 + 5*v - 2. Let f(n) = 6 - 10*n**2 - 6*n**3 - n - 3*n - 9*n - 3*n. Let s(d) = 5*f(d) + 16*g(d). What is the units digit of s(2)?
6
Suppose 12 = 4*c - 6*c. Let j = c - -7. What is the units digit of j?
1
Suppose 0 = -2*z - 2*z + 2*n + 346, 4*z + 3*n = 331. What is the units digit of z?
5
Suppose -q = 2*m + 17, -4 = 2*m + 4*q + 22. Let r = 9 + m. Suppose r*h - 4*h = -38. What is the units digit of h?
9
Suppose m + 4 + 2 = -3*n, 3 = -n. Suppose b = -m*b + 12. What is the units digit of b?
3
Suppose -2*u = 3*o - 7*o - 12, 0 = -4*o - 8. Suppose -3*x + u*g + 0*g - 28 = 0, 0 = 4*x - 5*g + 35. Let b = 22 + x. What is the tens digit of b?
1
Let m(r) = -r**2 - 10*r. Let i be m(-7). Suppose -2*t = -3*f + 63, f - 2*t - i = -t. What is the tens digit of f?
2
Suppose -2*f = 4*g - 5*g + 74, -3*f - 118 = -5*g. Let l = 59 + f. What is the tens digit of l?
2
What is the units digit of 7/2*(10 + -8)?
7
Suppose -3*b = 3*s + s + 8, -5*s + 25 = -5*b. Suppose -u + s = -2*u. What is the units digit of u/3*-9*1?
3
Suppose 0 = -0*b - b - 2. What is the units digit of (-10)/((-2 - -3) + b)?
0
Suppose 0 = -j + 2*g + 8 + 4, 5*j - 60 = 5*g. What is the units digit of j?
2
What is the units digit of 27/6 + (1/(-2) - 0)?
4
Let q(l) = 19*l**2 - l - 1. What is the tens digit of q(2)?
7
Suppose 2*y = 2 + 2. Suppose -y*h + 0*g + 55 = -g, -5*h + 105 = 4*g. What is the units digit of h?
5
Suppose 11